{"id":368,"date":"2014-03-22T19:35:24","date_gmt":"2014-03-22T18:35:24","guid":{"rendered":"http:\/\/montazkotlu.benekov.com\/?page_id=368"},"modified":"2014-03-22T19:35:24","modified_gmt":"2014-03-22T18:35:24","slug":"kotle-na-uhli-4-emisni-tridy","status":"publish","type":"page","link":"https:\/\/montazkotlu.schiedek.cz\/?page_id=368","title":{"rendered":"Kotle na uhl\u00ed 4. emisn\u00ed t\u0159\u00eddy"},"content":{"rendered":"<ul>\n<li><a title=\"BENEKOV C16\" href=\"http:\/\/montazkotlu.benekov.com\/?page_id=120\">BENEKOV C16 (19 kW)<\/a><\/li>\n<li><a title=\"BENEKOV C26\" href=\"http:\/\/montazkotlu.benekov.com\/?page_id=134\">BENEKOV C26 (25 kW)<\/a><\/li>\n<li><a title=\"BENEKOV C51\" href=\"http:\/\/montazkotlu.benekov.com\/?page_id=142\">BENEKOV C51 (49 kW)<\/a><\/li>\n<li><a title=\"CosmoTHERM U25\" href=\"http:\/\/montazkotlu.benekov.com\/?page_id=148\">CosmoTHERM U25 (20 kW)<\/a><\/li>\n<li>CosmoTHERM U35 (35 kW)<\/li>\n<\/ul>\n","protected":false},"excerpt":{"rendered":"<p>BENEKOV C16 (19 kW) BENEKOV C26 (25 kW) BENEKOV C51 (49 kW) CosmoTHERM U25 (20 kW) CosmoTHERM U35 (35 kW)<\/p>\n","protected":false},"author":1,"featured_media":0,"parent":0,"menu_order":0,"comment_status":"closed","ping_status":"closed","template":"","meta":[],"_links":{"self":[{"href":"https:\/\/montazkotlu.schiedek.cz\/index.php?rest_route=\/wp\/v2\/pages\/368"}],"collection":[{"href":"https:\/\/montazkotlu.schiedek.cz\/index.php?rest_route=\/wp\/v2\/pages"}],"about":[{"href":"https:\/\/montazkotlu.schiedek.cz\/index.php?rest_route=\/wp\/v2\/types\/page"}],"author":[{"embeddable":true,"href":"https:\/\/montazkotlu.schiedek.cz\/index.php?rest_route=\/wp\/v2\/users\/1"}],"replies":[{"embeddable":true,"href":"https:\/\/montazkotlu.schiedek.cz\/index.php?rest_route=%2Fwp%2Fv2%2Fcomments&post=368"}],"version-history":[{"count":1,"href":"https:\/\/montazkotlu.schiedek.cz\/index.php?rest_route=\/wp\/v2\/pages\/368\/revisions"}],"predecessor-version":[{"id":369,"href":"https:\/\/montazkotlu.schiedek.cz\/index.php?rest_route=\/wp\/v2\/pages\/368\/revisions\/369"}],"wp:attachment":[{"href":"https:\/\/montazkotlu.schiedek.cz\/index.php?rest_route=%2Fwp%2Fv2%2Fmedia&parent=368"}],"curies":[{"name":"wp","href":"https:\/\/api.w.org\/{rel}","templated":true}]}}