{"id":514,"date":"2015-08-25T16:58:22","date_gmt":"2015-08-25T15:58:22","guid":{"rendered":"http:\/\/montazkotlu.benekov.com\/?page_id=514"},"modified":"2019-12-16T00:04:43","modified_gmt":"2019-12-15T23:04:43","slug":"nova-kotlikova-dotace-z-eu","status":"publish","type":"page","link":"https:\/\/montazkotlu.schiedek.cz\/","title":{"rendered":"Nov\u00e1 kotl\u00edkov\u00e1 dotace z EU"},"content":{"rendered":"<p><span style=\"color: #800000;\">Aktuality<\/span>:<\/p>\n<p><strong>15.12.2019<\/strong> &#8211; Byla vytvo\u0159ena nov\u00e1 spr\u00e1va u\u017eivatel\u016f instalovan\u00fdch, servisovan\u00fdch a kontrolovan\u00fdch kotl\u016f BENEKOV, kde je mo\u017en\u00e9 st\u00e1hnout Doklady o proveden\u00e9 kontrole kotl\u016f (odkaz je v lev\u00e9m menu): <a href=\"https:\/\/kotliky.poi.cz\">https:\/\/kotliky.poi.cz<\/a><\/p>\n<p><strong>13.5.2019<\/strong> &#8211; Informace o podan\u00fdch \u017e\u00e1dostech v\u010detn\u011b po\u0159adov\u00fdch \u010d\u00edsel jsou zde: <a href=\"http:\/\/montazkotlu.benekov.com\/?page_id=701\">http:\/\/montazkotlu.benekov.com\/?page_id=701<\/a><\/p>\n<p><strong>21.1.2019<\/strong> &#8211; Zveme v\u0161echny na v\u00fdstavu Infotherma 2019, kter\u00e1 prob\u00edh\u00e1 ve dnech 21.1.2019 &#8211; 24.1.2019 od 9:00 do 18:00, kde se op\u011bt m\u016f\u017eeme potkat na st\u00e1nku BENEKOVu<\/p>\n<p><strong>5.9.2017<\/strong> &#8211; Informace o podan\u00fdch \u017e\u00e1dostech v\u010detn\u011b po\u0159adov\u00fdch \u010d\u00edsel jsou zde: <a href=\"http:\/\/montazkotlu.benekov.com\/?page_id=667\">http:\/\/montazkotlu.benekov.com\/?page_id=667<\/a><\/p>\n<p><strong>25.7.2017<\/strong> &#8211; Do <a href=\"http:\/\/montazkotlu.benekov.com\/?page_id=522\">cenov\u00e9ho kalkul\u00e1toru<\/a> byly p\u0159id\u00e1ny kotle \u0159ady K. Uk\u00e1zka funkce ho\u0159\u00e1ku t\u00e9to \u0159ady je zde: <a href=\"http:\/\/montazkotlu.benekov.com\/?page_id=644\">BENEKOV \u0159ada K<\/a><\/p>\n<p><strong>22.7.2017<\/strong> &#8211; Od z\u00e1\u0159\u00ed 2017 bude k dispozici nov\u00e1 \u0159ada kotl\u016f na pelety &#8211; <strong>BENEKOV K<\/strong> (konkr\u00e9tn\u011b jde o modely K14, K20 a K25). P\u0159ipravujeme informace i za\u010dlen\u011bn\u00ed do cenov\u00e9ho kalkul\u00e1toru. Zde je ke sta\u017een\u00ed let\u00e1k: <a href=\"http:\/\/montazkotlu.benekov.com\/wp-content\/uploads\/2015\/08\/BENEKOV-K-%C5%99ada_let%C3%A1k.pdf\" rel=\"attachment wp-att-641\">BENEKOV K \u0159ada_let\u00e1k<\/a><\/p>\n<p><strong>21.7.2017<\/strong> &#8211; V <a href=\"http:\/\/montazkotlu.benekov.com\/?page_id=522\">cenov\u00e9m kalkul\u00e1toru<\/a> byla upravena kalkulace dra\u017eick\u00fdch bojler\u016f, kter\u00e9 zdra\u017eily o cca 600 K\u010d v\u010detn\u011b DPH (pro OKC 160) v z\u00e1kladn\u00edch cen\u00e1ch. Z\u00e1rove\u0148 u\u017e nevyr\u00e1b\u00ed bojlery OKC 180 a OKC 400 NTRR\/SOL, kter\u00e9 byly z kalkul\u00e1toru odstran\u011bny.<\/p>\n<p><strong>30.6.2017<\/strong> &#8211; V n\u00e1sleduj\u00edc\u00edch t\u00fddnech budeme telefonicky obvol\u00e1vat v\u0161echny z\u00e1jemce o dotaci, kter\u00fdm do\u0161la hromadn\u00e1 SMS a pl\u00e1novat n\u00e1v\u0161t\u011bvu, kde spole\u010dn\u011b vypln\u00edme elektronickou \u017e\u00e1dost na str\u00e1nk\u00e1ch kraje. V okam\u017eiku spu\u0161t\u011bn\u00ed pod\u00e1v\u00e1n\u00ed dotace (5.9.2017 v 10:00) budeme postupn\u011b \u017e\u00e1dosti elektronicky odes\u00edlat. Budeme m\u00edt p\u0159ipraveno nejm\u00e9n\u011b p\u011bt lid\u00ed s po\u010d\u00edta\u010dema, aby po\u0159adov\u00e1 \u010d\u00edsla byla co nejni\u017e\u0161\u00ed (\u00fa\u0159edn\u00edci chystaj\u00ed smlouvy dle po\u0159ad\u00ed, tak a\u0165 se \u010dek\u00e1 co nejm\u00e9n\u011b). V seznamu \u017eadatel\u016f budou na prvn\u00edch m\u00edstech ti, kte\u0159\u00ed ji\u017e kotel b\u011bhem leto\u0161ka vym\u011bnili. Pokud si kdokoliv bude cht\u00edt to za\u017e\u00e1d\u00e1n\u00ed pohl\u00eddat s\u00e1m, tak to samoz\u0159ejm\u011b nen\u00ed probl\u00e9m, zalo\u017e\u00edme profil, vypln\u00edme \u017e\u00e1dost a p\u0159ed\u00e1me p\u0159\u00edstupov\u00e9 \u00fadaje. Pot\u00e9, co se \u017e\u00e1dost pod\u00e1, tak se ka\u017ed\u00fd ihned dozv\u00ed po\u0159adov\u00e9 \u010d\u00edslo, \u010d\u00edm\u017e hned uvid\u00ed, zda se na n\u011bj dostane.<br \/>\nCo je pot\u0159eba nachystat p\u0159ed na\u0161\u00ed n\u00e1v\u0161t\u011bvou:<br \/>\n&#8211; &#8222;Smlouva o z\u0159\u00edzen\u00ed bankovn\u00edho \u00fa\u010dtu&#8220; \u017eadatele (mus\u00ed b\u00fdt na jm\u00e9no vlastn\u00edka nebo spoluvlastn\u00edka RD), pokud smlouvu nem\u00e1te nebo je star\u00e1 s jin\u00fdm \u010d\u00edslem \u00fa\u010dtu, tak mus\u00edte obstarat &#8222;Potvrzen\u00ed o veden\u00ed bankovn\u00edho \u00fa\u010dtu&#8220; (nesta\u010d\u00ed v\u00fdpis z \u00fa\u010dtu). Nem\u00e1-li \u017eadatel \u00fa\u010det, tak si jej mus\u00ed z\u0159\u00eddit &#8211; doporu\u010duji nap\u0159. FIO banku, minim\u00e1ln\u00ed vklad je 100,- K\u010d, kter\u00fd p\u0159i p\u0159\u00edpadn\u00e9m zru\u0161en\u00ed vr\u00e1t\u00ed a neplat\u00ed se tam \u017e\u00e1dn\u00e9 poplatky.<br \/>\n&#8211; ob\u010dansk\u00fd pr\u016fkaz \u017eadatele<br \/>\n&#8211; v p\u0159\u00edpad\u011b, \u017ee je RD v SJM nebo m\u00e1 v\u00edce vlastn\u00edk\u016f, tak jejich p\u0159\u00edtomnost kv\u016fli podpisu &#8222;Souhlasu s realizac\u00ed&#8220;<br \/>\n&#8211; &#8222;Doklad o kontrole technick\u00e9ho stavu&#8220; star\u00e9ho kotle (revize), je-li k dispozici<\/p>\n<p>B\u011bhem n\u00e1v\u0161t\u011bvy rovn\u011b\u017e provedeme v\u00fdb\u011br kotle, nacen\u011bn\u00ed kompletn\u00ed mont\u00e1\u017ee kotle a p\u0159\u00edpadnou kalkulaci p\u0159ipojen\u00ed bojleru a dal\u0161\u00edch topen\u00e1\u0159sk\u00fdch prac\u00ed &#8211; zaznamenanou na formul\u00e1\u0159i, kde je mo\u017eno i zarezervovat term\u00edn mont\u00e1\u017ee (nez\u00e1vazn\u011b, lze zru\u0161it p\u0159ed mont\u00e1\u017e\u00ed). P\u0159ednost term\u00ednu p\u0159ed topnou sez\u00f3nou maj\u00ed realizace, kter\u00e9 nyn\u00ed nemaj\u00ed jinou mo\u017enost vyt\u00e1p\u011bn\u00ed (pokud je to V\u00e1\u0161 p\u0159\u00edpad a nem\u00e1te zat\u00edm zarezervov\u00e1n term\u00edn, tak po\u0161lete e-mail na david.schiedek@benekov.com).<\/p>\n<p><strong>29.6.2017<\/strong> &#8211; dne\u0161n\u00edm dnem byla v Moravskoslezsk\u00e9m kraji vyhl\u00e1\u0161ena 2. vlna kotl\u00edkov\u00fdch dotac\u00ed, zpracov\u00e1v\u00e1me informace a brzy zde zve\u0159ejn\u00edme dal\u0161\u00ed postup. D\u011bkujeme za strpen\u00ed&#8230;<\/p>\n<p><strong>25.5.2017<\/strong> &#8211; vyhl\u00e1\u0161en\u00ed 2. v\u00fdzvy kotl\u00edkov\u00fdch dotac\u00ed v MSK kraji (zve\u0159ejn\u011bn\u00ed podrobn\u00fdch podm\u00ednek) prob\u011bhne 29. 6. 2017 a p\u0159\u00edjem elektronick\u00fdch \u017e\u00e1dost\u00ed prob\u011bhne 5. 9. 2017 v 10:00. Kraj dle na\u0161ich p\u0159edpoklad\u016f p\u0159id\u00e1 ka\u017ed\u00e9mu 7.500,-, tak\u017ee nej\u010dast\u011bj\u0161\u00ed v\u00fd\u0161e dotace na kombinovan\u00e9 kotle na uhl\u00ed\/pelety v zne\u010di\u0161t\u011bn\u00e9 obci bude 90.000,- (75.000 + 7.500 + 7.500) plus p\u0159\u00edpadn\u00e9 prost\u0159edky poskytnut\u00e9 obcemi.<\/p>\n<p><strong>16.3.2017<\/strong> &#8211; byl upraven <a href=\"http:\/\/montazkotlu.benekov.com\/?page_id=522\">cenov\u00fd kalkul\u00e1tor<\/a> s nov\u00fdmi podm\u00ednkami<\/p>\n<p><strong>16.3.2017<\/strong> &#8211; dnes byla vyhl\u00e1\u0161en\u00e1 2. vlna kotl\u00edkov\u00fdch dotac\u00ed, nov\u00e9 podm\u00ednky ve zkratce:<\/p>\n<p>&#8211; nejsou podpo\u0159eny kotle pouze na uhl\u00ed (mus\u00ed b\u00fdt z\u00e1rove\u0148 certifikovan\u00e9 i pro peletky)<br \/>\n&#8211; nejsou podpo\u0159eny litinov\u00e9 kotle a v\u0161echny ostatn\u00ed, kter\u00e9 maj\u00ed ro\u0161t<br \/>\n&#8211; je zru\u0161ena povinnost mikroenergetick\u00fdch opat\u0159en\u00ed<br \/>\n&#8211; v\u00fd\u0161e dotace pro kombinovan\u00e9 kotle je 75%, maxim\u00e1ln\u011b 75.000,-<br \/>\n&#8211; v\u00fd\u0161e dotace pro plynov\u00e9 kotle je 75%, maxim\u00e1ln\u011b 95.000,-<br \/>\n&#8211; v\u00fd\u0161e dotace pro kotle na d\u0159evo je 80%, maxim\u00e1ln\u011b 100.000,-<br \/>\n&#8211; v\u00fd\u0161e dotace pro kotle na peletky je 80%, maxim\u00e1ln\u011b 120.000,-<br \/>\n&#8211; pro &#8222;zne\u010di\u0161t\u011bn\u00e9&#8220; obce je bonus 7.500,- seznam <a href=\"http:\/\/www.opzp.cz\/dokumenty\/download\/620-1-P%C5%99%C3%ADloha%20%C4%8D.%201%20Seznam%20prioritn%C3%ADch%20obc%C3%AD%20a%20m%C4%9Bst_final.pdf\">zde<\/a><br \/>\n&#8211; MSK kraj pl\u00e1nuje op\u011bt p\u0159idat na dotaci z vlastn\u00edch prost\u0159edk\u016f, odhadujeme, \u017ee to bude rovn\u011b\u017e 7.500,-<br \/>\n&#8211; podm\u00ednkou je kontrola star\u00e9ho kotle (revize)<br \/>\n&#8211; podm\u00ednkou pro realizaci v\u00fdm\u011bny kotle je revize spalinov\u00fdch cest, co\u017e znamen\u00e1, \u017ee nen\u00ed-li kom\u00edn vyvlo\u017ekov\u00e1n \u0161amotovou, keramickou nebo nerez vlo\u017ekou, bude nutn\u00e9 nov\u00e9 vyvlo\u017ekov\u00e1n\u00ed kom\u00ednu<br \/>\n&#8211; MSK kraji bylo p\u0159id\u011bleno 891.480.000,- K\u010d, tedy prost\u0159edky z 2. i 3. vlny dohromady. Nen\u00ed tak jist\u00e9, zda v na\u0161em kraji bude i 3. vlna kotl\u00edkov\u00fdch dotac\u00ed (v tom p\u0159\u00edpad\u011b by se musely pokr\u00e1tit prost\u0159edky jin\u00fdm kraj\u016fm)<\/p>\n<p><strong>V p\u0159\u00edpad\u011b, \u017ee ve Va\u0161em rodinn\u00e9m dom\u011b dosta\u010duje kotel s v\u00fdkonem 19kW a pl\u00e1nujete po\u0159\u00eddit o\u0159ezanou verzi kotle BENEKOV C17 tj. BENEKOV B20 (<a href=\"http:\/\/montazkotlu.benekov.com\/?page_id=603\">rozd\u00edly pops\u00e1ny zde<\/a>), tak ak\u010dn\u00ed cena plat\u00ed pouze do konce b\u0159ezna. Do t\u00e9 doby je nutn\u00e9 kotel objednat a instalovat do konce kv\u011btna 2017. Kotel s v\u00fdkonem 19kW lze doporu\u010dit i do RD, kter\u00e9 v t\u011bch nejv\u011bt\u0161\u00edch mrazech maj\u00ed v\u011bt\u0161\u00ed tepelnou ztr\u00e1tu, ne\u017e 20kW v p\u0159\u00edpad\u011b, \u017ee je mo\u017eno v tomto obdob\u00ed p\u0159\u00edpadn\u011b p\u0159itopit dal\u0161\u00edm tepeln\u00fdm zdrojem nap\u0159. krbem.<br \/>\n<\/strong><\/p>\n<p>Pokud z\u00e1rove\u0148 nebo n\u00e1sledn\u011b vyu\u017eijete dota\u010dn\u00edho titulu Nov\u00e1 zelen\u00e1 \u00faspor\u00e1m k zateplen\u00ed, tak dostanete nav\u00edc bonus 40.000,-, pokud jste po\u0159\u00eddili kombinovan\u00fd kotel nebo 20.000,- u jin\u00fdch kotl\u016f.<\/p>\n<p><strong>3.2.2017<\/strong> &#8211; ministerstvo \u017eivotn\u00edho prost\u0159ed\u00ed zve\u0159ejnilo tiskovou zpr\u00e1vu k druh\u00e9 vln\u011b kotl\u00edkov\u00fdch dotac\u00ed, hlavn\u00ed informac\u00ed je, \u017ee i nad\u00e1le <strong>budou podpo\u0159eny kombinovan\u00e9 kotle na uhl\u00ed a pelety, tedy v\u0161echny verze kotl\u016f BENEKOV<\/strong>. D\u00e1le ji\u017e nebude pot\u0159eba realizovat mikroenergetick\u00e9 opat\u0159en\u00ed. Na druhou stranu <strong>je pravd\u011bpodobn\u00e9<\/strong>, \u017ee pro kombinovan\u00e9 kotle bude dotace ni\u017e\u0161\u00ed ne\u017e v prvn\u00ed v\u00fdzv\u011b. Realizovalo by se to bu\u010f ni\u017e\u0161\u00edm procentem pro kombinovan\u00e9 kotle (v prvn\u00ed v\u00fdzv\u011b 75%) nebo ni\u017e\u0161\u00edm z\u00e1kladem, ze kter\u00e9ho se dotace po\u010d\u00edt\u00e1, nap\u0159. u kotl\u016f na pelety z\u016fstane maxim\u00e1ln\u00ed z\u00e1klad 150.000,- K\u010d a u kombinovan\u00fdch se sn\u00ed\u017e\u00ed nap\u0159. na 120.000,-.<br \/>\nPro Moravskoslezsk\u00fd kraj bude v druh\u00e9 vln\u011b vy\u010dlen\u011bno dvojn\u00e1sobn\u00e9 mno\u017estv\u00ed financ\u00ed &#8211; 900.000.000,- K\u010d ne\u017e v prvn\u00ed v\u00fdzv\u011b, pokud v\u0161e p\u016fjde hladce, tak od b\u0159ezna by m\u011bly b\u00fdt zn\u00e1my konkr\u00e9tn\u00ed podm\u00ednky a od \u010dervna by mohl kraj p\u0159ij\u00edmat \u017e\u00e1dosti. S vysokou pravd\u011bpodobnost\u00ed to tentokr\u00e1t bude elektronickou formou.<br \/>\nM\u017dP se bude sna\u017eit, aby v\u0161echny kraje poskytovaly dotace p\u0159edem, jako to v prvn\u00ed v\u00fdzv\u011b prov\u00e1d\u011bl Kr\u00e1lovehradeck\u00fd kraj. \u017dadatel\u00e9 by si tak tentokr\u00e1t nemuseli zaji\u0161\u0165ovat celou finan\u010dn\u00ed \u010d\u00e1stku p\u0159edem.<\/p>\n<p><strong>1.2.2017<\/strong> &#8211; byl upraven <a href=\"http:\/\/montazkotlu.benekov.com\/?page_id=522\">cenov\u00fd kalkul\u00e1tor<\/a> o nov\u00e9 kotle BENEKOV B20, BENEKOV C37 a BENEKOV C57<br \/>\n<strong>20.5.2016<\/strong> &#8211; byl upraven cenov\u00fd kalkul\u00e1tor zohled\u0148uj\u00edc\u00ed zv\u00fd\u0161en\u00ed cen dra\u017eick\u00fdch bojler\u016f o cca 2% u verz\u00ed v\u011bt\u0161\u00edch ne\u017e 160 litr\u016f a cca 3% do verze OKC160, kter\u00e9 jsou v nov\u00e9m designu, d\u00e1le ji\u017e prakticky nejsou dostupn\u00e1 klasick\u00e1 \u010derpadla k bojleru, tak\u017ee v kalkulaci je nyn\u00ed po\u010d\u00edt\u00e1no s \u00fasporn\u00fdm elektronick\u00fdm \u010derpadlem Grundfos Alpha2 L 25-40, kter\u00e9 je za vy\u0161\u0161\u00ed cenu<br \/>\n<strong>22.3.2016<\/strong> &#8211; dne bylo rozhoduto o ukon\u010den\u00ed p\u0159ij\u00edm\u00e1n\u00ed \u017e\u00e1dost\u00ed v Moravskoslezsk\u00e9m kraji<strong><strong><br \/>\n<\/strong>17.2.2016 &#8211; term\u00edn realizace a z\u00e1v\u011bre\u010dn\u00e9ho vy\u00fa\u010dtov\u00e1n\u00ed byl posunut v MSK kraji z 15. 9. 2016 na <strong><span style=\"color: #ff0000;\">31.12.2016<\/span><br \/>\n<\/strong>14.12.2015<\/strong> &#8211; ve spolupr\u00e1ci se stavebn\u00ed spo\u0159itelnou W\u00fcstenrot jsme pro V\u00e1s za\u0159\u00eddili v\u00fdhodn\u00e9 financov\u00e1n\u00ed v\u00fdm\u011bny kotle v p\u0159\u00edpad\u011b, kdy po\u010d\u00e1te\u010dn\u00ed investici (v\u011bt\u0161inou 130 a\u017e 150 tis\u00edc) nem\u00e1te k dispozici. Bez poplatku za z\u0159\u00edzen\u00ed p\u016fj\u010dky, bez zastaven\u00ed nemovitosti, s mo\u017enost\u00ed p\u0159ed\u010dasn\u00e9ho splacen\u00ed \u00fav\u011bru po obdr\u017een\u00ed dotace z kraje.<br \/>\nPodm\u00ednky: \u00farokov\u00e1 sazba: 4.5% p.a., p\u016fj\u010dka bez zastaven\u00ed nemovitosti do 500.000,- K\u010d, minim\u00e1ln\u00ed \u010d\u00e1stka \u00fav\u011bru: 50.000,- K\u010d, d\u00e9lka \u00fav\u011bru: 6 let, poplatek za p\u0159ed\u010dasn\u00e9 splacen\u00ed \u00fav\u011bru: 1% z p\u016fj\u010den\u00e9 \u010d\u00e1stky (p\u0159i p\u016fj\u010dce 150 tis\u00edc K\u010d je tento poplatek 1.500,- K\u010d). Pro v\u00edce informac\u00ed m\u011b m\u016f\u017eete kontaktovat na tel: <strong>606 125 533<\/strong><br \/>\n<strong>21.10.2015<\/strong> &#8211; Byl upraven <span style=\"color: #0000ff;\"><a style=\"color: #0000ff;\" href=\"http:\/\/montazkotlu.benekov.com\/?page_id=522\">cenov\u00fd kalkul\u00e1tor<\/a><\/span> zohled\u0148uj\u00edc\u00ed nov\u00e9 skute\u010dnosti<strong><strong><br \/>\n<\/strong>20.10.2015<\/strong> &#8211; na sch\u016fzce z\u00e1stupc\u016f MSK kraje se z\u00e1stupci m\u011bst a obc\u00ed ze dne 19.10.2015 vy\u0161ly najevo nov\u00e9 skute\u010dnosti ohledn\u011b kotl\u00edkov\u00fdch dotac\u00ed v MSK kraji.<strong><br \/>\n1)<\/strong> Uznateln\u00e9 n\u00e1klady jsou od 15.7.2015<br \/>\n<strong>2)<\/strong> V\u00fdzva k pod\u00e1v\u00e1n\u00ed \u017e\u00e1dost\u00ed bude od 18.12.2015<br \/>\n<strong>3)<\/strong> \u017d\u00e1dosti budou p\u0159ij\u00edm\u00e1ny v term\u00ednu <strong>1.2.2016-29.4.2016<\/strong><br \/>\n<strong>4)<\/strong> Term\u00edn realizace v\u00fdm\u011bny kotle <strong><span style=\"color: #ff0000;\">31.12.2016<\/span>!!!<\/strong><br \/>\n<strong>5)<\/strong> <strong>Celou v\u00fdm\u011bnu mus\u00ed zafinancovat z\u00e1kazn\u00edk<\/strong> a a\u017e pot\u00e9 dostane pen\u00edze od kraje zp\u011bt. Kraj tak nevyu\u017eil mo\u017enosti, propl\u00e1cen\u00ed faktur dodavatel\u016fm.<br \/>\n<strong>6)<\/strong> <strong>Kraj p\u0159id\u00e1 v\u0161em \u017eadatel\u016fm v MSK kraji 5% nav\u00edc<\/strong>, dal\u0161\u00ed obce (Ba\u0161ka, B\u011bl\u00e1, Brat\u0159\u00edkovice, \u010cermn\u00e1 ve Slezsku, D\u00edv\u010d\u00ed Hrad, Dobr\u00e1, Fren\u0161t\u00e1t pod Radho\u0161t\u011bm, Hav\u00ed\u0159ov, Horn\u00ed Bludovice, Chval\u00edkovice, Janovice, Kop\u0159ivnice, Krava\u0159e, N\u00e1vs\u00ed, Ni\u017en\u00ed Lhoty, Nov\u00fd Ji\u010d\u00edn, Opava, Ostrava, Pra\u017emo, P\u0159\u00edbor, \u0160enov, T\u0159inec) budou d\u00e1vat dal\u0161\u00ed p\u0159\u00edsp\u011bvky, v\u011bt\u0161inou dal\u0161\u00edch 5% nebo p\u016fj\u010dky (Ostrava 10% nav\u00edc). Dal\u0161\u00ed obce se mohou je\u0161t\u011b p\u0159idat.<\/p>\n<p>D\u016fsledkem v\u00fd\u0161e uveden\u00e9ho, pokud nenastanou je\u0161t\u011b zm\u011bny bude to, \u017ee v b\u0159eznu\/dubnu odhadem 3.000 \u017eadatel\u016f dostanou dopis, \u017ee do 31.12.2016 maj\u00ed nainstalovat kotel. <strong>Bude probl\u00e9m naj\u00edt mont\u00e1\u017en\u00ed firmu s profesn\u00ed zkou\u0161kou, kter\u00e1 bude m\u00edt \u010das kotel nainstalovat a z\u00e1rove\u0148, kter\u00e1 bude moct v\u016fbec sehnat kotel vzhledem k v\u00fdrobn\u00edm kapacit\u00e1m a kr\u00e1tk\u00e9m \u010dasov\u00e9m \u00faseku.<\/strong> <span style=\"color: #ff0000;\">Doporu\u010dujeme tedy \u0159e\u0161it v\u00fdm\u011bnu kotle okam\u017eit\u011b.<\/span> Odhaduji, \u017ee pen\u00edze z dosud nainstalovan\u00fdch kotl\u016f obdr\u017e\u00ed z\u00e1kazn\u00edci nejd\u0159\u00edve na konci dubna.<\/p>\n<p><strong><br \/>\n2.10.2015<\/strong> &#8211; do seznamu doposud registrovan\u00fdch podpo\u0159en\u00fdch technologi\u00ed byly p\u0159id\u00e1ny kotle BENEKOVu na peletky \u0159ady Cp, R a S. Moravskoslezsk\u00fd kraj v tiskov\u00e9 zpr\u00e1v\u011b informoval o z\u00e1m\u011bru p\u0159idat 5% k dotac\u00edm z vlastn\u00edch zdroj\u016f (max. 7.500,- K\u010d). Kotle na peletky by tak v oblastech v\u00edce zne\u010di\u0161t\u011bn\u00fdch (<span style=\"color: #0000ff;\"><a style=\"color: #0000ff;\" href=\"http:\/\/www.opzp.cz\/dokumenty\/download\/133-1-Priloha%201_zavazne%20pokyny%202.1.pdf\" target=\"_blank\" rel=\"noopener noreferrer\">seznam v PDF zde<\/a><\/span>) byly podpo\u0159eny dotac\u00ed ve v\u00fd\u0161i 90% a kotle na uhl\u00ed a peletky ve v\u00fd\u0161i 85%.<br \/>\n<strong>4.9.2015<\/strong> &#8211; na tomto odkaze:<span style=\"color: #0000ff;\"> <a style=\"color: #0000ff;\" href=\"https:\/\/svt.sfzp.cz\/\" target=\"_blank\" rel=\"noopener noreferrer\">na str\u00e1nk\u00e1ch opera\u010dn\u00edho programu<\/a><\/span> je seznam doposud registrovan\u00fdch podpo\u0159en\u00fdch technologi\u00ed. Kotle BENEKOVu na peletky (\u0159ady Cp, R, S a kotel B 14 P) jsou v procesu registrace. Seznam je v Excelovsk\u00e9m form\u00e1tu.<br \/>\n<strong>1<\/strong><strong>4.8.2015<\/strong> &#8211; od dne\u0161n\u00edho dne mohou kraje SF\u017dP p\u0159edkl\u00e1dat projekty, mus\u00ed to stihnout do 30.9.2015. Jakmile budu m\u00edt informace o pod\u00e1n\u00ed projektu Moravskoslezsk\u00fdm krajem, tak zde budu informovat.<br \/>\n<strong>15.7.2015<\/strong> &#8211; SF\u017dP zve\u0159ejnil podm\u00ednky nov\u00fdch dotac\u00ed viz. n\u00ed\u017ee<\/p>\n<p>M<b>inisterstvo \u017eivotn\u00edho prost\u0159ed\u00ed vyhl\u00e1silo v\u00fdzvu <\/b><b>na v\u00fdm\u011bnu zastaral\u00fdch kotl\u016f dom\u00e1cnost\u00ed za nov\u00e9. O pen\u00edze<\/b> <b>z Opera\u010dn\u00edho programu \u017divotn\u00ed prost\u0159ed\u00ed za\u017e\u00e1daj\u00ed kraje <\/b><b>a ty je n\u00e1sledn\u011b rozd\u011bl\u00ed mezi dom\u00e1cnosti. Alokace prvn\u00ed<\/b> <b>takzvan\u00e9 kotl\u00edkov\u00e9 v\u00fdzvy \u010din\u00ed 3 miliardy korun. Kraje mus\u00ed <\/b><b>o dotaci pro ob\u010dany za\u017e\u00e1dat do 30. z\u00e1\u0159\u00ed.<\/b><\/p>\n<p><br class=\"Apple-interchange-newline\" \/>V p\u0159\u00edpad\u011b realizace kotle na pevn\u00e1 paliva budou podporov\u00e1ny pouze kotle spl\u0148uj\u00edc\u00ed po\u017eadavky na\u0159\u00edzen\u00ed komise 2015\/1189 ze dne 28. dubna 2015, kter\u00fdm se prov\u00e1d\u00ed sm\u011brnice Evropsk\u00e9ho parlamentu a Rady 2009\/125\/ES, pokud jde o po\u017eadavky na ekodesign kotl\u016f na tuh\u00e1 paliva. P\u0159edepsan\u00e9 parametry mus\u00ed kotle splnit pro v\u0161echna paliva ur\u010den\u00e1 v\u00fdrobcem a v\u0161echny pou\u017eiteln\u00e9 zp\u016fsoby p\u0159ikl\u00e1d\u00e1n\u00ed, pokud je v\u00fdrobce umo\u017e\u0148uje.<\/p>\n<p>V praxi to znamen\u00e1, \u017ee kotle na tuh\u00e1 paliva mus\u00ed splnit parametry p\u0159\u00edsn\u011bj\u0161\u00ed ne\u017e 5. t\u0159\u00edda (tzv. 5+ t\u0159\u00edda). Kotl\u016f na d\u0159ev\u011bn\u00e9 pelety, kter\u00e9 tyto parametry spl\u0148uj\u00ed je cel\u00e1 \u0159ada, z BENEKOVu nap\u0159. kotle v\u00fdrobn\u00ed \u0159ady Cp, R a S a kotel BENEKOV B14 P. Na tyto kotle je v Moravskoslezsk\u00e9m kraji poskytov\u00e1na podpora 85% a to z fakturovan\u00e9 \u010d\u00e1stky ve v\u00fd\u0161i a\u017e 150.000,- K\u010d. Dotace je v tomto p\u0159\u00edpad\u011b ve v\u00fd\u0161i 127.500,- K\u010d. Krom\u011b kotl\u016f na pelety parametry ekodesignu spl\u0148uje i kotel na uhl\u00ed a pelety <span style=\"color: #0000ff;\"><a style=\"color: #0000ff;\" href=\"http:\/\/montazkotlu.benekov.com\/?page_id=506\">BENEKOV C27<\/a><\/span>, na n\u011bj\u017e je v na\u0161em kraji dotace 80%, tedy maxim\u00e1ln\u011b 120.000,- K\u010d. (Tip: <span style=\"color: #0000ff;\"><a style=\"color: #0000ff;\" href=\"http:\/\/montazkotlu.benekov.com\/?page_id=522\">zjist\u011bte kolik V\u00e1s bude st\u00e1t instalace a kolik bude \u010dinit dotace v kalkul\u00e1toru zde<\/a><\/span>).<\/p>\n<p>Podm\u00ednkou pro z\u00edsk\u00e1n\u00ed dotace je, aby v rodinn\u00e9m dom\u011b byl neekologick\u00fd kotel s ru\u010dn\u00edm p\u0159ikl\u00e1d\u00e1n\u00edm. Krom\u011b v\u00fdm\u011bny kotle je nutno prov\u00e9st mikroenergetick\u00e9 opat\u0159en\u00ed (pokud z\u00e1rove\u0148 nezateplujete v programu Zelen\u00e1 \u00faspor\u00e1m nebo pokud V\u00e1\u0161 RD nedosahuje hodnoty &#8222;C&#8220; v Energetick\u00e9m pr\u016fkazu budovy). Seznam mikroenergetick\u00fdch opat\u0159en\u00ed, kter\u00e9 m\u016f\u017eete prov\u00e9st je:<\/p>\n<ol>\n<li>Zateplen\u00ed st\u0159echy nebo p\u016fdn\u00edch prostor<\/li>\n<li><b><\/b>Zateplen\u00ed stropu sklepn\u00edch prostor nebo podlahy<\/li>\n<li><b><\/b>D\u00edl\u010d\u00ed zateplen\u00ed dal\u0161\u00edch konstrukc\u00ed (nap\u0159. severn\u00ed fas\u00e1da apod.)<\/li>\n<li><b><\/b>Oprava fas\u00e1dy, nap\u0159. prasklin a dal\u0161\u00edch poruch fas\u00e1dy \u2013 eliminace tepeln\u00fdch most\u016f<\/li>\n<li><b><\/b>Odd\u011blen\u00ed vyt\u00e1p\u011bn\u00e9ho prostoru rodinn\u00e9ho domu od venkovn\u00edho (nap\u0159. z\u00e1dve\u0159\u00ed)<\/li>\n<li>D\u00edl\u010d\u00ed v\u00fdm\u011bna oken<\/li>\n<li><b><\/b>V\u00fdm\u011bna vstupn\u00edch a balkonov\u00fdch dve\u0159\u00ed<\/li>\n<li><b><\/b>Instalace t\u011bsn\u011bn\u00ed oken a dve\u0159\u00ed, dodate\u010dn\u00e1 mont\u00e1\u017e prah\u016f vstupn\u00edch dve\u0159\u00ed<\/li>\n<li><b><\/b>V\u00fdm\u011bna zasklen\u00ed star\u0161\u00edch oken za izola\u010dn\u00ed dvojskla<\/li>\n<\/ol>\n<p>K \u017e\u00e1dosti je nutn\u00e9 m\u00edt potvrzen\u00ed vhodnosti proveden\u00ed dan\u00e9ho mikroenergetick\u00e9ho opat\u0159en\u00ed od &#8222;energetick\u00e9ho specialisty&#8220;. N\u00e1klady na vyhotoven\u00ed tohoto potvrzen\u00ed mohou b\u00fdt rovn\u011b\u017e zahrnuty do celkov\u00e9 \u010d\u00e1stky, ze kter\u00e9 se po\u010d\u00edt\u00e1 dotace.<\/p>\n<p>Do \u010d\u00e1stky, ze kter\u00e9 se po\u010d\u00edt\u00e1 dotace, se mohou d\u00e1t tak\u00e9 souvisej\u00edc\u00ed n\u00e1klady s instalac\u00ed kotle, nap\u0159. v\u00fdm\u011bna ventil\u016f, radi\u00e1tor\u016f, bojleru nebo vyvlo\u017ekov\u00e1n\u00ed kom\u00edna.<\/p>\n<p>Zah\u00e1jen\u00ed p\u0159\u00edjm\u016f \u017e\u00e1dost\u00ed pro fyzick\u00e9 osoby bude individu\u00e1ln\u00ed, dle jednotliv\u00fdch kraj\u016f. P\u0159edpokl\u00e1d\u00e1 se je\u0161t\u011b leto\u0161n\u00ed rok \u2013 podzim.<\/p>\n<p>Kompletn\u00ed Informace naleznete na str\u00e1nk\u00e1ch dan\u00e9ho opera\u010dn\u00edho programu <span style=\"color: #0000ff;\"><a style=\"color: #0000ff;\" href=\"http:\/\/www.opzp.cz\/podporovane-oblasti\/2-1-snizit-emise-z-lokalniho-vytapeni-domacnosti-podilejici-se-na-expozici-obyvatelstva-koncentracim-znecistujicich-latek\/dokumenty?id=9\" target=\"_blank\" rel=\"noopener noreferrer\">opzp.cz <\/a><\/span>nebo v <span style=\"color: #0000ff;\"><a style=\"color: #0000ff;\" href=\"http:\/\/montazkotlu.benekov.com\/wp-content\/uploads\/2015\/08\/\u010casopis-Priorita.pdf\">\u010casopise Priorita od str. 4<\/a><\/span>. M\u00e1te-li dal\u0161\u00ed ot\u00e1zky ohledn\u011b dotac\u00ed pou\u017eijte koment\u00e1\u0159e n\u00ed\u017ee.<\/p>\n","protected":false},"excerpt":{"rendered":"<p>Aktuality: 15.12.2019 &#8211; Byla vytvo\u0159ena nov\u00e1 spr\u00e1va u\u017eivatel\u016f instalovan\u00fdch, servisovan\u00fdch a kontrolovan\u00fdch kotl\u016f BENEKOV, kde je mo\u017en\u00e9 st\u00e1hnout Doklady o proveden\u00e9 kontrole kotl\u016f (odkaz je v lev\u00e9m menu): https:\/\/kotliky.poi.cz 13.5.2019 &#8211; Informace o podan\u00fdch \u017e\u00e1dostech v\u010detn\u011b po\u0159adov\u00fdch \u010d\u00edsel jsou zde: http:\/\/montazkotlu.benekov.com\/?page_id=701 21.1.2019 &#8211; Zveme v\u0161echny na v\u00fdstavu Infotherma 2019, kter\u00e1 prob\u00edh\u00e1 ve dnech 21.1.2019 &#8211; &hellip; <a href=\"https:\/\/montazkotlu.schiedek.cz\/\" class=\"more-link\">Pokra\u010dov\u00e1n\u00ed textu <span class=\"screen-reader-text\">Nov\u00e1 kotl\u00edkov\u00e1 dotace z EU<\/span> <span class=\"meta-nav\">&rarr;<\/span><\/a><\/p>\n","protected":false},"author":1,"featured_media":0,"parent":0,"menu_order":0,"comment_status":"closed","ping_status":"closed","template":"","meta":[],"_links":{"self":[{"href":"https:\/\/montazkotlu.schiedek.cz\/index.php?rest_route=\/wp\/v2\/pages\/514"}],"collection":[{"href":"https:\/\/montazkotlu.schiedek.cz\/index.php?rest_route=\/wp\/v2\/pages"}],"about":[{"href":"https:\/\/montazkotlu.schiedek.cz\/index.php?rest_route=\/wp\/v2\/types\/page"}],"author":[{"embeddable":true,"href":"https:\/\/montazkotlu.schiedek.cz\/index.php?rest_route=\/wp\/v2\/users\/1"}],"replies":[{"embeddable":true,"href":"https:\/\/montazkotlu.schiedek.cz\/index.php?rest_route=%2Fwp%2Fv2%2Fcomments&post=514"}],"version-history":[{"count":44,"href":"https:\/\/montazkotlu.schiedek.cz\/index.php?rest_route=\/wp\/v2\/pages\/514\/revisions"}],"predecessor-version":[{"id":723,"href":"https:\/\/montazkotlu.schiedek.cz\/index.php?rest_route=\/wp\/v2\/pages\/514\/revisions\/723"}],"wp:attachment":[{"href":"https:\/\/montazkotlu.schiedek.cz\/index.php?rest_route=%2Fwp%2Fv2%2Fmedia&parent=514"}],"curies":[{"name":"wp","href":"https:\/\/api.w.org\/{rel}","templated":true}]}}