{"id":644,"date":"2017-07-25T14:55:17","date_gmt":"2017-07-25T13:55:17","guid":{"rendered":"http:\/\/montazkotlu.benekov.com\/?page_id=644"},"modified":"2017-07-25T15:33:11","modified_gmt":"2017-07-25T14:33:11","slug":"benekov-k14-k20-k25","status":"publish","type":"page","link":"https:\/\/montazkotlu.schiedek.cz\/?page_id=644","title":{"rendered":"BENEKOV K14, K20, K25"},"content":{"rendered":"<p><a href=\"http:\/\/montazkotlu.benekov.com\/wp-content\/uploads\/2017\/07\/k_nahled.png\"><img decoding=\"async\" loading=\"lazy\" width=\"253\" height=\"300\" class=\"alignleft wp-image-652 size-medium\" src=\"http:\/\/montazkotlu.benekov.com\/wp-content\/uploads\/2017\/07\/k_nahled-253x300.png\" alt=\"BENEKOV K14\" style=\"width:300px;margin-left:0px;\" srcset=\"https:\/\/montazkotlu.schiedek.cz\/wp-content\/uploads\/2017\/07\/k_nahled-253x300.png 253w, https:\/\/montazkotlu.schiedek.cz\/wp-content\/uploads\/2017\/07\/k_nahled-768x912.png 768w, https:\/\/montazkotlu.schiedek.cz\/wp-content\/uploads\/2017\/07\/k_nahled-862x1024.png 862w, https:\/\/montazkotlu.schiedek.cz\/wp-content\/uploads\/2017\/07\/k_nahled.png 990w\" sizes=\"(max-width: 253px) 100vw, 253px\" \/><\/a><\/p>\n<p>BENEKOV \u0159ada K p\u0159in\u00e1\u0161\u00ed \u00fapln\u011b nov\u00fd typ ho\u0159\u00e1ku, kter\u00fd umo\u017e\u0148uje spalovat i m\u00e9n\u011b kvalitn\u00ed d\u0159ev\u011bn\u00e9 pelety s vy\u0161\u0161\u00edm obsahem k\u016fry a d\u00edky sv\u00e9 unik\u00e1tn\u00ed konstrukci minimalizuje n\u00e1roky na obsluhu a \u010di\u0161t\u011bn\u00ed. Sou\u010d\u00e1st\u00ed ho\u0159\u00e1ku je i automatick\u00e9 zapalov\u00e1n\u00ed.<\/p>\n<p>\u0158\u00edd\u00edc\u00ed jednotka umo\u017e\u0148uje ekvitermn\u00ed \u0159\u00edzen\u00ed jednoho topn\u00e9ho okruhu. Ke kotli je mo\u017en\u00e9 dokoupit modul pro ekvitermn\u00ed \u0159\u00edzen\u00ed dal\u0161\u00edch dvou okruh\u016f a \u0159\u00edzen\u00ed pomoc\u00ed akumula\u010dn\u00ed n\u00e1doby. D\u00e1le je mo\u017eno zakoupit modul pro ovl\u00e1d\u00e1n\u00ed kotle p\u0159es internet. Modul umo\u017e\u0148uje sledovat historii provozu kotle a vybran\u00fdch hodnot \u0159\u00edd\u00edc\u00ed jednotky.<\/p>\n<p>Uk\u00e1zka funkce ho\u0159\u00e1ku:<\/p>\n<div class=\"container\">\n<div class=\"video-container\"><iframe loading=\"lazy\" style=\"width: 900px; height: 500px;\" src=\"\/\/player.vimeo.com\/video\/139840880?title=0&amp;byline=0&amp;portrait=0\" width=\"300\" height=\"150\" frameborder=\"0\" allowfullscreen=\"allowfullscreen\"><\/iframe><\/div>\n<\/div>\n<p><a href=\"http:\/\/montazkotlu.benekov.com\/wp-content\/uploads\/2017\/07\/horak_k.jpg\"><img decoding=\"async\" loading=\"lazy\" class=\"aligncenter size-large wp-image-649\" src=\"http:\/\/montazkotlu.benekov.com\/wp-content\/uploads\/2017\/07\/horak_k-1024x576.jpg\" alt=\"\" width=\"474\" height=\"267\" srcset=\"https:\/\/montazkotlu.schiedek.cz\/wp-content\/uploads\/2017\/07\/horak_k-1024x576.jpg 1024w, https:\/\/montazkotlu.schiedek.cz\/wp-content\/uploads\/2017\/07\/horak_k-300x169.jpg 300w, https:\/\/montazkotlu.schiedek.cz\/wp-content\/uploads\/2017\/07\/horak_k-768x432.jpg 768w\" sizes=\"(max-width: 474px) 100vw, 474px\" \/><\/a><\/p>\n","protected":false},"excerpt":{"rendered":"<p>BENEKOV \u0159ada K p\u0159in\u00e1\u0161\u00ed \u00fapln\u011b nov\u00fd typ ho\u0159\u00e1ku, kter\u00fd umo\u017e\u0148uje spalovat i m\u00e9n\u011b kvalitn\u00ed d\u0159ev\u011bn\u00e9 pelety s vy\u0161\u0161\u00edm obsahem k\u016fry a d\u00edky sv\u00e9 unik\u00e1tn\u00ed konstrukci minimalizuje n\u00e1roky na obsluhu a \u010di\u0161t\u011bn\u00ed. Sou\u010d\u00e1st\u00ed ho\u0159\u00e1ku je i automatick\u00e9 zapalov\u00e1n\u00ed. \u0158\u00edd\u00edc\u00ed jednotka umo\u017e\u0148uje ekvitermn\u00ed \u0159\u00edzen\u00ed jednoho topn\u00e9ho okruhu. Ke kotli je mo\u017en\u00e9 dokoupit modul pro ekvitermn\u00ed \u0159\u00edzen\u00ed dal\u0161\u00edch &hellip; <a href=\"https:\/\/montazkotlu.schiedek.cz\/?page_id=644\" class=\"more-link\">Pokra\u010dov\u00e1n\u00ed textu <span class=\"screen-reader-text\">BENEKOV K14, K20, K25<\/span> <span class=\"meta-nav\">&rarr;<\/span><\/a><\/p>\n","protected":false},"author":1,"featured_media":0,"parent":0,"menu_order":0,"comment_status":"closed","ping_status":"closed","template":"","meta":[],"_links":{"self":[{"href":"https:\/\/montazkotlu.schiedek.cz\/index.php?rest_route=\/wp\/v2\/pages\/644"}],"collection":[{"href":"https:\/\/montazkotlu.schiedek.cz\/index.php?rest_route=\/wp\/v2\/pages"}],"about":[{"href":"https:\/\/montazkotlu.schiedek.cz\/index.php?rest_route=\/wp\/v2\/types\/page"}],"author":[{"embeddable":true,"href":"https:\/\/montazkotlu.schiedek.cz\/index.php?rest_route=\/wp\/v2\/users\/1"}],"replies":[{"embeddable":true,"href":"https:\/\/montazkotlu.schiedek.cz\/index.php?rest_route=%2Fwp%2Fv2%2Fcomments&post=644"}],"version-history":[{"count":15,"href":"https:\/\/montazkotlu.schiedek.cz\/index.php?rest_route=\/wp\/v2\/pages\/644\/revisions"}],"predecessor-version":[{"id":662,"href":"https:\/\/montazkotlu.schiedek.cz\/index.php?rest_route=\/wp\/v2\/pages\/644\/revisions\/662"}],"wp:attachment":[{"href":"https:\/\/montazkotlu.schiedek.cz\/index.php?rest_route=%2Fwp%2Fv2%2Fmedia&parent=644"}],"curies":[{"name":"wp","href":"https:\/\/api.w.org\/{rel}","templated":true}]}}