{"id":71,"date":"2014-03-14T12:36:48","date_gmt":"2014-03-14T11:36:48","guid":{"rendered":"http:\/\/montazkotlu.benekov.com\/?page_id=71"},"modified":"2014-03-25T23:47:24","modified_gmt":"2014-03-25T22:47:24","slug":"prehled-kotlu","status":"publish","type":"page","link":"https:\/\/montazkotlu.schiedek.cz\/?page_id=71","title":{"rendered":"P\u0158EHLED KOTL\u016e"},"content":{"rendered":"<p>Kotle na uhl\u00ed 4. emisn\u00ed t\u0159\u00eddy<\/p>\n<ul>\n<li><a title=\"BENEKOV C16\" href=\"http:\/\/montazkotlu.benekov.com\/?page_id=120\">BENEKOV C16 (19 kW)<\/a><\/li>\n<li><a title=\"BENEKOV C26\" href=\"http:\/\/montazkotlu.benekov.com\/?page_id=134\">BENEKOV C26 (25 kW)<\/a><\/li>\n<li><a title=\"BENEKOV C51\" href=\"http:\/\/montazkotlu.benekov.com\/?page_id=142\">BENEKOV C51 (49 kW)<\/a><\/li>\n<li><a title=\"CosmoTHERM U25\" href=\"http:\/\/montazkotlu.benekov.com\/?page_id=148\">CosmoTHERM U25 (20 kW)<\/a><\/li>\n<li>CosmoTHERM U35 (35 kW)<\/li>\n<\/ul>\n<p>Kotle na uhl\u00ed 3. emisn\u00ed t\u0159\u00eddy<\/p>\n<ul>\n<li><a title=\"BENEKOV C15\" href=\"http:\/\/montazkotlu.benekov.com\/?page_id=176\">BENEKOV C15 (14 kW)<\/a><\/li>\n<li><a title=\"BENEKOV C25\" href=\"http:\/\/montazkotlu.benekov.com\/?page_id=179\">BENEKOV C25 (25 kW)<\/a><\/li>\n<li><a title=\"BENEKOV C50\" href=\"http:\/\/montazkotlu.benekov.com\/?page_id=186\">BENEKOV C50 (48 kW)<\/a><\/li>\n<li><a title=\"BENEKOV C100\" href=\"http:\/\/montazkotlu.benekov.com\/?page_id=280\">BENEKOV C100 (99 Kw)<\/a><\/li>\n<li><a title=\"BENEKOV LT20 \u2013 LT40\" href=\"http:\/\/montazkotlu.benekov.com\/?page_id=191\">BENEKOV LT20 &#8211; LT40 (20 a\u017e 40 kW)<\/a><\/li>\n<\/ul>\n<p>Kotle na pelety 4. emisn\u00ed t\u0159\u00eddy<\/p>\n<ul>\n<li><a title=\"BENEKOV C16p\" href=\"http:\/\/montazkotlu.benekov.com\/?page_id=291\">BENEKOV C16p (19 kW)<\/a><\/li>\n<li><a title=\"BENEKOV C26p\" href=\"http:\/\/montazkotlu.benekov.com\/?page_id=293\">BENEKOV C26p (25 kW)<\/a><\/li>\n<li><a title=\"BENEKOV C51p\" href=\"http:\/\/montazkotlu.benekov.com\/?page_id=295\">BENEKOV C51p (49 kW)<\/a><\/li>\n<li><a title=\"BENEKOV R16\" href=\"http:\/\/montazkotlu.benekov.com\/?page_id=412\">BENEKOV R16 (19 kW)<\/a><\/li>\n<li><a title=\"BENEKOV R26\" href=\"http:\/\/montazkotlu.benekov.com\/?page_id=417\">BENEKOV R26 (25 kW)<\/a><\/li>\n<li><a title=\"BENEKOV R51\" href=\"http:\/\/montazkotlu.benekov.com\/?page_id=421\">BENEKOV R51 (49 kW)<\/a><\/li>\n<li><a title=\"BENEKOV R100\" href=\"http:\/\/montazkotlu.benekov.com\/?page_id=269\">BENEKOV R100 (99 kW)<\/a><\/li>\n<\/ul>\n<p>Kotle na pelety 3. emisn\u00ed t\u0159\u00eddy<\/p>\n<ul>\n<li><a title=\"BENEKOV C15p\" href=\"http:\/\/montazkotlu.benekov.com\/?page_id=201\">BENEKOV C15p (14 kW)<\/a><\/li>\n<li><a title=\"BENEKOV C25p\" href=\"http:\/\/montazkotlu.benekov.com\/?page_id=210\">BENEKOV C25p (25 kW)<\/a><\/li>\n<li><a title=\"BENEKOV C50p\" href=\"http:\/\/montazkotlu.benekov.com\/?page_id=216\">BENEKOV C50p (48 kW)<\/a><\/li>\n<li><a title=\"BENEKOV R15\" href=\"http:\/\/montazkotlu.benekov.com\/?page_id=228\">BENEKOV R15 (19 kW)<\/a><\/li>\n<li><a title=\"BENEKOV R25\" href=\"http:\/\/montazkotlu.benekov.com\/?page_id=235\">BENEKOV R25 (25 kW)<\/a><\/li>\n<li><a title=\"BENEKOV R50\" href=\"http:\/\/montazkotlu.benekov.com\/?page_id=246\">BENEKOV R50 (49 kW)<\/a><\/li>\n<\/ul>\n<p>Kotle na \u0161t\u011bpku 4. emisn\u00ed t\u0159\u00eddy<\/p>\n<ul>\n<li>BENEKOV S16 (19 kW) (ve v\u00fdvoji)<\/li>\n<li>BENEKOV S26 (25 kW)<\/li>\n<li>BENEKOV S51 (50 kW)<\/li>\n<\/ul>\n<p>P\u0159estavbov\u00e9 sady litinov\u00fdch kotl\u016f na automaty<\/p>\n<ul>\n<li><a title=\"Set pro p\u0159estavbu litinov\u00e9ho kotle na automat\" href=\"http:\/\/montazkotlu.benekov.com\/?page_id=252\">Set pro p\u0159estavbu kotle Viadrus U22, U26 4 \u010dl. &#8211; 10 \u010dl.<\/a><\/li>\n<li><a title=\"Set pro p\u0159estavbu litinov\u00e9ho kotle na automat\" href=\"http:\/\/montazkotlu.benekov.com\/?page_id=252\">Set pro p\u0159estavbu kotle Dakon 4 \u010dl. &#8211; 8 \u010dl.<\/a><\/li>\n<\/ul>\n","protected":false},"excerpt":{"rendered":"<p>Kotle na uhl\u00ed 4. emisn\u00ed t\u0159\u00eddy BENEKOV C16 (19 kW) BENEKOV C26 (25 kW) BENEKOV C51 (49 kW) CosmoTHERM U25 (20 kW) CosmoTHERM U35 (35 kW) Kotle na uhl\u00ed 3. emisn\u00ed t\u0159\u00eddy BENEKOV C15 (14 kW) BENEKOV C25 (25 kW) BENEKOV C50 (48 kW) BENEKOV C100 (99 Kw) BENEKOV LT20 &#8211; LT40 (20 a\u017e 40 &hellip; <a href=\"https:\/\/montazkotlu.schiedek.cz\/?page_id=71\" class=\"more-link\">Pokra\u010dov\u00e1n\u00ed textu <span class=\"screen-reader-text\">P\u0158EHLED KOTL\u016e<\/span> <span class=\"meta-nav\">&rarr;<\/span><\/a><\/p>\n","protected":false},"author":1,"featured_media":0,"parent":0,"menu_order":0,"comment_status":"closed","ping_status":"closed","template":"","meta":[],"_links":{"self":[{"href":"https:\/\/montazkotlu.schiedek.cz\/index.php?rest_route=\/wp\/v2\/pages\/71"}],"collection":[{"href":"https:\/\/montazkotlu.schiedek.cz\/index.php?rest_route=\/wp\/v2\/pages"}],"about":[{"href":"https:\/\/montazkotlu.schiedek.cz\/index.php?rest_route=\/wp\/v2\/types\/page"}],"author":[{"embeddable":true,"href":"https:\/\/montazkotlu.schiedek.cz\/index.php?rest_route=\/wp\/v2\/users\/1"}],"replies":[{"embeddable":true,"href":"https:\/\/montazkotlu.schiedek.cz\/index.php?rest_route=%2Fwp%2Fv2%2Fcomments&post=71"}],"version-history":[{"count":31,"href":"https:\/\/montazkotlu.schiedek.cz\/index.php?rest_route=\/wp\/v2\/pages\/71\/revisions"}],"predecessor-version":[{"id":424,"href":"https:\/\/montazkotlu.schiedek.cz\/index.php?rest_route=\/wp\/v2\/pages\/71\/revisions\/424"}],"wp:attachment":[{"href":"https:\/\/montazkotlu.schiedek.cz\/index.php?rest_route=%2Fwp%2Fv2%2Fmedia&parent=71"}],"curies":[{"name":"wp","href":"https:\/\/api.w.org\/{rel}","templated":true}]}}